{"id":80,"date":"2026-07-14T11:46:44","date_gmt":"2026-07-14T11:46:44","guid":{"rendered":"https:\/\/site.griechischeschule-zuerich.ch\/?page_id=80"},"modified":"2026-08-30T12:21:24","modified_gmt":"2026-08-30T11:21:24","slug":"nachricht","status":"publish","type":"page","link":"https:\/\/site.griechischeschule-zuerich.ch\/index.php\/de\/nachricht\/","title":{"rendered":"Nachricht"},"content":{"rendered":"\n<h2 class=\"wp-block-heading\">Aktuelles<\/h2>\n\n\n\n<p class=\"wp-block-paragraph\">Unsere Nachrichten<\/p>\n\n\n<div class=\"pt-cv-wrapper\"><div class=\"pt-cv-view pt-cv-blockgrid iscvblock iscvhybrid grid1 layout1\" id=\"pt-cv-view-a11e32d9yj\"><div data-id=\"pt-cv-page-1\" class=\"pt-cv-page\" data-cvc=\"3\"><div class=\" pt-cv-content-item pt-cv-1-col\" ><div class=\"pt-cv-thumb-wrapper  \"><a href=\"https:\/\/site.griechischeschule-zuerich.ch\/index.php\/de\/2026\/07\/14\/anmeldung-fuer-das-schuljahr-2026-2027\/\" class=\"_self pt-cv-href-thumbnail pt-cv-thumb-default\" target=\"_self\" ><img loading=\"lazy\" decoding=\"async\" width=\"300\" height=\"200\" src=\"https:\/\/site.griechischeschule-zuerich.ch\/wp-content\/uploads\/2026\/07\/mick-haupt-oFe6dvmuZkc-unsplash-300x200.jpg\" class=\"pt-cv-thumbnail\" alt=\"\" srcset=\"https:\/\/site.griechischeschule-zuerich.ch\/wp-content\/uploads\/2026\/07\/mick-haupt-oFe6dvmuZkc-unsplash-300x200.jpg 300w, https:\/\/site.griechischeschule-zuerich.ch\/wp-content\/uploads\/2026\/07\/mick-haupt-oFe6dvmuZkc-unsplash-768x512.jpg 768w, https:\/\/site.griechischeschule-zuerich.ch\/wp-content\/uploads\/2026\/07\/mick-haupt-oFe6dvmuZkc-unsplash.jpg 800w\" sizes=\"auto, (max-width: 300px) 100vw, 300px\" \/><\/a><\/div>\n<div class=\"pt-cv-taxoterm above_title\"><a href='https:\/\/site.griechischeschule-zuerich.ch\/index.php\/de\/category\/news-de\/' title='Nachricht' class='pt-cv-tax-news-de'>Nachricht<\/a><\/div>\n<h4 class=\"pt-cv-title\"><a href=\"https:\/\/site.griechischeschule-zuerich.ch\/index.php\/de\/2026\/07\/14\/anmeldung-fuer-das-schuljahr-2026-2027\/\" class=\"_self\" target=\"_self\" >Anmeldung f\u00fcr das Schuljahr 2026-2027<\/a><\/h4>\n<div class=\"pt-cv-content\">Die Anmeldungen f\u00fcr das Schuljahr 2026-2027 beginnen am 12 Mai 2026 ...<br \/><div class=\"pt-cv-rmwrap\"><a href=\"https:\/\/site.griechischeschule-zuerich.ch\/index.php\/de\/2026\/07\/14\/anmeldung-fuer-das-schuljahr-2026-2027\/\" class=\"_self pt-cv-readmore btn btn-success\" target=\"_self\">Mehr<\/a><\/div><\/div><\/div>\n<div class=\" pt-cv-content-item pt-cv-1-col\" ><div class=\"pt-cv-thumb-wrapper  \"><a href=\"https:\/\/site.griechischeschule-zuerich.ch\/index.php\/de\/2026\/07\/14\/fernlernkurse-fuer-griechische-kinder-der-griechischen-diaspora\/\" class=\"_self pt-cv-href-thumbnail pt-cv-thumb-default\" target=\"_self\" ><img loading=\"lazy\" decoding=\"async\" width=\"300\" height=\"117\" src=\"https:\/\/site.griechischeschule-zuerich.ch\/wp-content\/uploads\/2026\/07\/brussels-300x117.png\" class=\"pt-cv-thumbnail\" alt=\"\" srcset=\"https:\/\/site.griechischeschule-zuerich.ch\/wp-content\/uploads\/2026\/07\/brussels-300x117.png 300w, https:\/\/site.griechischeschule-zuerich.ch\/wp-content\/uploads\/2026\/07\/brussels.png 378w\" sizes=\"auto, (max-width: 300px) 100vw, 300px\" \/><\/a><\/div>\n<div class=\"pt-cv-taxoterm above_title\"><a href='https:\/\/site.griechischeschule-zuerich.ch\/index.php\/de\/category\/news-de\/' title='Nachricht' class='pt-cv-tax-news-de'>Nachricht<\/a><\/div>\n<h4 class=\"pt-cv-title\"><a href=\"https:\/\/site.griechischeschule-zuerich.ch\/index.php\/de\/2026\/07\/14\/fernlernkurse-fuer-griechische-kinder-der-griechischen-diaspora\/\" class=\"_self\" target=\"_self\" >Fernlernkurse f\u00fcr griechische Kinder der griechischen Diaspora<\/a><\/h4>\n<div class=\"pt-cv-content\">Das Br\u00fcsseler Koordinierungsb\u00fcro wird in Zusammenarbeit mit den P\u00e4dagogen der ihm unterstellten L\u00e4nder im Schuljahr 2026-2027 folgende Klassen im Fernunterricht ...<br \/><div class=\"pt-cv-rmwrap\"><a href=\"https:\/\/site.griechischeschule-zuerich.ch\/index.php\/de\/2026\/07\/14\/fernlernkurse-fuer-griechische-kinder-der-griechischen-diaspora\/\" class=\"_self pt-cv-readmore btn btn-success\" target=\"_self\">Mehr<\/a><\/div><\/div><\/div><\/div><\/div><\/div>\t\t\t\t\t\t<style type=\"text\/css\" id=\"pt-cv-inline-style-5a15a98tva\">\n#pt-cv-view-a11e32d9yj .pt-cv-thumb-wrapper:not(.miniwrap) {  }#pt-cv-view-a11e32d9yj .pt-cv-thumbnail:not(.pt-cv-thumbnailsm) { height: 250px; }#pt-cv-view-a11e32d9yj > .pt-cv-page {grid-template-columns: repeat(3, 1fr);grid-gap: 15px;}\n@media all and (max-width: 1024px) { \n#pt-cv-view-a11e32d9yj > .pt-cv-page {grid-template-columns: repeat(1, 1fr);}\n} \n@media all and (max-width: 767px) { \n#pt-cv-view-a11e32d9yj > .pt-cv-page {grid-template-columns: repeat(1, 1fr);}\n} <\/style>\r\n\t\t\t\n","protected":false},"excerpt":{"rendered":"<p>Aktuelles Unsere Nachrichten<\/p>\n","protected":false},"author":1,"featured_media":0,"parent":0,"menu_order":0,"comment_status":"closed","ping_status":"closed","template":"","meta":{"footnotes":""},"class_list":["post-80","page","type-page","status-publish","hentry"],"blocksy_meta":{"styles_descriptor":{"styles":{"desktop":"","tablet":"","mobile":""},"google_fonts":[],"version":8},"page_structure_type":"type-4"},"_links":{"self":[{"href":"https:\/\/site.griechischeschule-zuerich.ch\/index.php\/wp-json\/wp\/v2\/pages\/80","targetHints":{"allow":["GET"]}}],"collection":[{"href":"https:\/\/site.griechischeschule-zuerich.ch\/index.php\/wp-json\/wp\/v2\/pages"}],"about":[{"href":"https:\/\/site.griechischeschule-zuerich.ch\/index.php\/wp-json\/wp\/v2\/types\/page"}],"author":[{"embeddable":true,"href":"https:\/\/site.griechischeschule-zuerich.ch\/index.php\/wp-json\/wp\/v2\/users\/1"}],"replies":[{"embeddable":true,"href":"https:\/\/site.griechischeschule-zuerich.ch\/index.php\/wp-json\/wp\/v2\/comments?post=80"}],"version-history":[{"count":3,"href":"https:\/\/site.griechischeschule-zuerich.ch\/index.php\/wp-json\/wp\/v2\/pages\/80\/revisions"}],"predecessor-version":[{"id":262,"href":"https:\/\/site.griechischeschule-zuerich.ch\/index.php\/wp-json\/wp\/v2\/pages\/80\/revisions\/262"}],"wp:attachment":[{"href":"https:\/\/site.griechischeschule-zuerich.ch\/index.php\/wp-json\/wp\/v2\/media?parent=80"}],"curies":[{"name":"wp","href":"https:\/\/api.w.org\/{rel}","templated":true}]}}

<h2 class="wp-block-heading">Aktuelles</h2>



<p class="wp-block-paragraph">Unsere Nachrichten</p>


<div class="pt-cv-wrapper"><div class="pt-cv-view pt-cv-blockgrid iscvblock iscvhybrid grid1 layout1" id="pt-cv-view-a11e32d9yj"><div data-id="pt-cv-page-1" class="pt-cv-page" data-cvc="3"><div class=" pt-cv-content-item pt-cv-1-col" ><div class="pt-cv-thumb-wrapper  "><a href="https://site.griechischeschule-zuerich.ch/index.php/de/2026/07/14/anmeldung-fuer-das-schuljahr-2026-2027/" class="_self pt-cv-href-thumbnail pt-cv-thumb-default" target="_self" ><img loading="lazy" decoding="async" width="300" height="200" src="https://site.griechischeschule-zuerich.ch/wp-content/uploads/2026/07/mick-haupt-oFe6dvmuZkc-unsplash-300x200.jpg" class="pt-cv-thumbnail" alt="" srcset="https://site.griechischeschule-zuerich.ch/wp-content/uploads/2026/07/mick-haupt-oFe6dvmuZkc-unsplash-300x200.jpg 300w, https://site.griechischeschule-zuerich.ch/wp-content/uploads/2026/07/mick-haupt-oFe6dvmuZkc-unsplash-768x512.jpg 768w, https://site.griechischeschule-zuerich.ch/wp-content/uploads/2026/07/mick-haupt-oFe6dvmuZkc-unsplash.jpg 800w" sizes="auto, (max-width: 300px) 100vw, 300px" /></a></div>
<div class="pt-cv-taxoterm above_title"><a href='https://site.griechischeschule-zuerich.ch/index.php/de/category/news-de/' title='Nachricht' class='pt-cv-tax-news-de'>Nachricht</a></div>
<h4 class="pt-cv-title"><a href="https://site.griechischeschule-zuerich.ch/index.php/de/2026/07/14/anmeldung-fuer-das-schuljahr-2026-2027/" class="_self" target="_self" >Anmeldung für das Schuljahr 2026-2027</a></h4>
<div class="pt-cv-content">Die Anmeldungen für das Schuljahr 2026-2027 beginnen am 12 Mai 2026 ...<br /><div class="pt-cv-rmwrap"><a href="https://site.griechischeschule-zuerich.ch/index.php/de/2026/07/14/anmeldung-fuer-das-schuljahr-2026-2027/" class="_self pt-cv-readmore btn btn-success" target="_self">Mehr</a></div></div></div>
<div class=" pt-cv-content-item pt-cv-1-col" ><div class="pt-cv-thumb-wrapper  "><a href="https://site.griechischeschule-zuerich.ch/index.php/de/2026/07/14/fernlernkurse-fuer-griechische-kinder-der-griechischen-diaspora/" class="_self pt-cv-href-thumbnail pt-cv-thumb-default" target="_self" ><img loading="lazy" decoding="async" width="300" height="117" src="https://site.griechischeschule-zuerich.ch/wp-content/uploads/2026/07/brussels-300x117.png" class="pt-cv-thumbnail" alt="" srcset="https://site.griechischeschule-zuerich.ch/wp-content/uploads/2026/07/brussels-300x117.png 300w, https://site.griechischeschule-zuerich.ch/wp-content/uploads/2026/07/brussels.png 378w" sizes="auto, (max-width: 300px) 100vw, 300px" /></a></div>
<div class="pt-cv-taxoterm above_title"><a href='https://site.griechischeschule-zuerich.ch/index.php/de/category/news-de/' title='Nachricht' class='pt-cv-tax-news-de'>Nachricht</a></div>
<h4 class="pt-cv-title"><a href="https://site.griechischeschule-zuerich.ch/index.php/de/2026/07/14/fernlernkurse-fuer-griechische-kinder-der-griechischen-diaspora/" class="_self" target="_self" >Fernlernkurse für griechische Kinder der griechischen Diaspora</a></h4>
<div class="pt-cv-content">Das Brüsseler Koordinierungsbüro wird in Zusammenarbeit mit den Pädagogen der ihm unterstellten Länder im Schuljahr 2026-2027 folgende Klassen im Fernunterricht ...<br /><div class="pt-cv-rmwrap"><a href="https://site.griechischeschule-zuerich.ch/index.php/de/2026/07/14/fernlernkurse-fuer-griechische-kinder-der-griechischen-diaspora/" class="_self pt-cv-readmore btn btn-success" target="_self">Mehr</a></div></div></div></div></div></div>						<style type="text/css" id="pt-cv-inline-style-5a15a98tva">
#pt-cv-view-a11e32d9yj .pt-cv-thumb-wrapper:not(.miniwrap) {  }#pt-cv-view-a11e32d9yj .pt-cv-thumbnail:not(.pt-cv-thumbnailsm) { height: 250px; }#pt-cv-view-a11e32d9yj > .pt-cv-page {grid-template-columns: repeat(3, 1fr);grid-gap: 15px;}
@media all and (max-width: 1024px) { 
#pt-cv-view-a11e32d9yj > .pt-cv-page {grid-template-columns: repeat(1, 1fr);}
} 
@media all and (max-width: 767px) { 
#pt-cv-view-a11e32d9yj > .pt-cv-page {grid-template-columns: repeat(1, 1fr);}
} </style>
